{"id":568,"date":"2018-03-14T09:05:37","date_gmt":"2018-03-14T08:05:37","guid":{"rendered":"http:\/\/www.policeboraine.be\/Police-Boraine\/?page_id=568"},"modified":"2021-03-23T07:52:22","modified_gmt":"2021-03-23T06:52:22","slug":"presentation-de-la-zone","status":"publish","type":"page","link":"https:\/\/www.policeboraine.be\/Police-Boraine\/presentation-de-la-zone\/","title":{"rendered":"Pr\u00e9sentation de la zone"},"content":{"rendered":"\n<p> La Zone de Police Boraine regroupe les cinq entit\u00e9s suivantes : Boussu, Colfontaine,  Frameries, Quaregnon et Saint-Ghislain. <\/p>\n\n\n\n<figure class=\"wp-block-image\"><img loading=\"lazy\" decoding=\"async\" width=\"514\" height=\"396\" src=\"https:\/\/www.policeboraine.be\/Police-Boraine\/wp-content\/uploads\/2019\/03\/image.png\" alt=\"\" class=\"wp-image-1017\" srcset=\"https:\/\/www.policeboraine.be\/Police-Boraine\/wp-content\/uploads\/2019\/03\/image.png 514w, https:\/\/www.policeboraine.be\/Police-Boraine\/wp-content\/uploads\/2019\/03\/image-300x231.png 300w\" sizes=\"auto, (max-width: 514px) 100vw, 514px\" \/><\/figure>\n\n\n\n<figure class=\"wp-block-image\"><img loading=\"lazy\" decoding=\"async\" width=\"293\" height=\"438\" src=\"https:\/\/www.policeboraine.be\/Police-Boraine\/wp-content\/uploads\/2019\/03\/image-1.png\" alt=\"\" class=\"wp-image-1019\" srcset=\"https:\/\/www.policeboraine.be\/Police-Boraine\/wp-content\/uploads\/2019\/03\/image-1.png 293w, https:\/\/www.policeboraine.be\/Police-Boraine\/wp-content\/uploads\/2019\/03\/image-1-201x300.png 201w\" sizes=\"auto, (max-width: 293px) 100vw, 293px\" \/><\/figure>\n\n\n\n<p>Elle compte 104 631 habitants (au 01\/01\/21)  pour une superficie de 140,8 km\u00b2.  <\/p>\n\n\n\n<p>Notre devise \u00c9COUTER SERVIR PROT\u00c9GER implique que:<\/p>\n\n\n\n<p> \u2022Toutes nos activit\u00e9s doivent contribuer \u00e0 la s\u00e9curit\u00e9 et \u00e0 la qualit\u00e9 de la vie au sein de la soci\u00e9t\u00e9.  <\/p>\n\n\n\n<p>\u2022Accorder \u00e0 la population une offre de service constante et continuellement am\u00e9lior\u00e9e. <\/p>\n\n\n\n<p> \u2022Permettre \u00e0 nos collaborateurs d\u2019\u00e9voluer dans un environnement o\u00f9 ils trouvent respect et \u00e9panouissement.  <\/p>\n","protected":false},"excerpt":{"rendered":"<p>La Zone de Police Boraine regroupe les cinq entit\u00e9s suivantes : Boussu, Colfontaine, Frameries, Quaregnon et Saint-Ghislain. Elle compte 104 631 habitants (au 01\/01\/21) pour une superficie de 140,8 km\u00b2. Notre devise \u00c9COUTER SERVIR PROT\u00c9GER implique que: \u2022Toutes nos activit\u00e9s&#8230; <a class = \"more-link\" href=\"https:\/\/www.policeboraine.be\/Police-Boraine\/presentation-de-la-zone\/\">Lire la suite<\/a><\/p>\n","protected":false},"author":1,"featured_media":0,"parent":0,"menu_order":0,"comment_status":"closed","ping_status":"closed","template":"","meta":{"_uag_custom_page_level_css":"","_monsterinsights_skip_tracking":false,"_monsterinsights_sitenote_active":false,"_monsterinsights_sitenote_note":"","_monsterinsights_sitenote_category":0,"footnotes":""},"class_list":["post-568","page","type-page","status-publish","hentry"],"uagb_featured_image_src":{"full":false,"thumbnail":false,"medium":false,"medium_large":false,"large":false,"1536x1536":false,"2048x2048":false},"uagb_author_info":{"display_name":"Admin","author_link":"https:\/\/www.policeboraine.be\/Police-Boraine\/author\/admin\/"},"uagb_comment_info":0,"uagb_excerpt":"La Zone de Police Boraine regroupe les cinq entit\u00e9s suivantes : Boussu, Colfontaine, Frameries, Quaregnon et Saint-Ghislain. Elle compte 104 631 habitants (au 01\/01\/21) pour une superficie de 140,8 km\u00b2. Notre devise \u00c9COUTER SERVIR PROT\u00c9GER implique que: \u2022Toutes nos activit\u00e9s... Lire la suite","_links":{"self":[{"href":"https:\/\/www.policeboraine.be\/Police-Boraine\/wp-json\/wp\/v2\/pages\/568","targetHints":{"allow":["GET"]}}],"collection":[{"href":"https:\/\/www.policeboraine.be\/Police-Boraine\/wp-json\/wp\/v2\/pages"}],"about":[{"href":"https:\/\/www.policeboraine.be\/Police-Boraine\/wp-json\/wp\/v2\/types\/page"}],"author":[{"embeddable":true,"href":"https:\/\/www.policeboraine.be\/Police-Boraine\/wp-json\/wp\/v2\/users\/1"}],"replies":[{"embeddable":true,"href":"https:\/\/www.policeboraine.be\/Police-Boraine\/wp-json\/wp\/v2\/comments?post=568"}],"version-history":[{"count":7,"href":"https:\/\/www.policeboraine.be\/Police-Boraine\/wp-json\/wp\/v2\/pages\/568\/revisions"}],"predecessor-version":[{"id":2246,"href":"https:\/\/www.policeboraine.be\/Police-Boraine\/wp-json\/wp\/v2\/pages\/568\/revisions\/2246"}],"wp:attachment":[{"href":"https:\/\/www.policeboraine.be\/Police-Boraine\/wp-json\/wp\/v2\/media?parent=568"}],"curies":[{"name":"wp","href":"https:\/\/api.w.org\/{rel}","templated":true}]}}